tors of ((-6)/u)/(b/(-56)).
2, 7
Let z be (3 - -1) + (-2 - -5). Suppose -4*t = c - 22, 3*c - z*c - t + 148 = 0. List the prime factors of c.
2, 19
Suppose 4*v = 8*v - 16. Suppose -4*u = -4*w + 68, 2*w - 72 = -w - v*u. List the prime factors of w.
2, 5
Suppose 0 = g - 4*g. Suppose -y + 22 + 4 = g. What are the prime factors of y?
2, 13
Suppose -2*o = -0*o - 6. Let f(i) = 5*i + 2. What are the prime factors of f(o)?
17
Let n(d) = -d + 13. Let w be n(-10). Let b = -8 + w. List the prime factors of b.
3, 5
Suppose 5 = 5*z, 5*g - 2*z - 2*z = -4. Suppose o - 1 - 4 = 0, g = 5*l + 5*o - 165. List the prime factors of l.
2, 7
What are the prime factors of (10/(-6))/((-2)/36)?
2, 3, 5
Let p = -6 - -3. Let g = 5 + p. Suppose 38 = g*m - 4*t, 2*t - 24 + 4 = -2*m. List the prime factors of m.
13
Let y be (-4)/(-14) - 86/7. Suppose 6*d + 126 = 3*d. What are the prime factors of ((-8)/(-14))/(y/d)?
2
Suppose -j + 0*m - 17 = 5*m, 0 = -j - 3*m - 9. Let v(n) = -n**2 + 2*n + 2. Let l be v(j). List the prime factors of (-1)/(l/(2*3)).
2, 3
Let s be ((-9 + 1)*1)/1. Let x(p) = p**3 + 7*p**2 - 10*p - 11. Let n be x(s). List the prime factors of ((-9)/5)/((-1)/n).
3
Let x be ((-8)/4)/(0 + -2). List the prime factors of -1 + 4 + (x - -14).
2, 3
Let f = 106 - 61. Suppose -3*t + f = -54. List the prime factors of t.
3, 11
Let i(f) = -3*f**3 + f**2 + 1. Let k be i(2). Let p = k + 27. What are the prime factors of p?
2
Let q(s) = 2*s + 5. Let t be q(0). Suppose m = -0*m + w + 1, -t*m - 3*w = -21. List the prime factors of m.
3
Let d be (-7 - -10) + -10 + -1. Let v = d - -24. List the prime factors of v.
2
What are the prime factors of 2/(-4) - 69/(-4)*6?
103
Let u(f) = -f**3 - 5*f**2 + 5*f - 3. Let k(h) = h**2 - 2*h - 4. Let r be k(4). Let m = r + -10. What are the prime factors of u(m)?
3
Suppose -5*j = -15 + 5. Let l be (1 - -2) + (j - 2). What are the prime factors of (20/l)/((-2)/(-6))?
2, 5
Suppose x = 2*x - 4. Suppose g = 15 + x. List the prime factors of g.
19
Let h(m) = m**3 + 3*m**2 + 4*m + 3. Let l be h(-3). Suppose -2 + 0 = -x. What are the prime factors of ((-3)/x)/(l/60)?
2, 5
Suppose -803 = -3*k + l, 2017 = 5*k + l + 692. What are the prime factors of k?
2, 7, 19
Let a = -4 + 8. Suppose -a*b - 31 + 91 = 0. What are the prime factors of b?
3, 5
Suppose -2*u + 4*z = -38, 0*u = -3*u + 3*z + 42. What are the prime factors of (3*u)/(4 - 3)?
3
Let p(m) be the second derivative of m**7/2520 - m**6/90 - 7*m**5/60 - m**4/12 + m. Let x(t) be the third derivative of p(t). List the prime factors of x(10).
2, 3
Let c be (-2)/9 + 182/9. Let y = -16 + c. List the prime factors of y.
2
Suppose 0*k - 2*k + 32 = 0. Let z = k - 3. What are the prime factors of z?
13
Let a(m) be the first derivative of 8*m**3 - m**2/2 + 2. Let t be a(1). Suppose -3*d - t = -59. List the prime factors of d.
2, 3
Suppose -1 = -t + 5. Suppose -2 = -4*y + t. Suppose y*c + 2*u = 16, -3*u + 43 = 5*c - u. List the prime factors of c.
3
Suppose 3*z + z + 4 = 0. Let v = z - -3. List the prime factors of v.
2
Suppose 3*y = 4*x - 56, -2*x - x - 10 = y. Let b = 9 - y. List the prime factors of b.
5
Let z = 98 - 51. What are the prime factors of z?
47
Suppose 4*w + 4*i - 306 - 110 = 0, -2*i = 3*w - 309. Let o = -56 + w. What are the prime factors of o?
3, 5
Suppose -j + 33 + 2 = 0. What are the prime factors of j?
5, 7
Let n = 8 - 3. Suppose -5*y = -20 - n. Suppose -y*k + 4*j - j + 29 = 0, -k + 1 = j. What are the prime factors of k?
2
Suppose 3*o - 57 = -5*n, 2*n = -0*n + 3*o + 27. Suppose n = 2*x + x. Suppose -5*j - 4*l = -20, 0 = 3*j - 4*j - 2*l + x. List the prime factors of j.
2
Suppose -226 = -5*m - 3*g, 3*m + 3*g = -0*g + 138. Suppose 0 = -3*l - 5*t + 2*t + 72, -m = -2*l + 2*t. List the prime factors of l.
23
Suppose 14 = 2*n + 2. Suppose -18 = 6*c - 4*c. List the prime factors of (-66)/c + (-2)/n.
7
Let y(k) = 3*k**2 + 39*k + 11. What are the prime factors of y(-17)?
5, 43
Let h = 9 - 6. Suppose -h*b + 2*w = -0 - 21, 0 = w - 3. What are the prime factors of b?
3
Suppose 5*d - 702 = r, -5*d = -4*r - 441 - 252. List the prime factors of d.
3, 47
Let w(n) be the second derivative of 7*n**5/20 - n**4/12 + n**3/3 - n**2/2 - n. What are the prime factors of w(1)?
7
Let s(c) = 2*c - 5. Let q be 1 - 4/(4/(-3)). List the prime factors of s(q).
3
Suppose -4*s + 12 = r - 5*r, 0 = -2*s - 3*r + 6. Suppose 0 = s*j - 6 - 6. Suppose v + 2*w = -0*w + 16, 3*w = -j*v + 54. List the prime factors of v.
2, 3
Let z(l) = -l - 2. Let t be z(6). Let d(m) = -5*m - 5. What are the prime factors of d(t)?
5, 7
Let j = 48 - 29. Suppose -j = -4*u - 3. List the prime factors of u.
2
Let c = 539 + -161. List the prime factors of c.
2, 3, 7
Let f(u) = -u**3 - 3*u**2 + u - 1. Let m be f(-3). Let o(l) = -4*l**2 + 2*l**2 - l**3 + 9*l + 0*l**3 + 2 - 4*l. What are the prime factors of o(m)?
2, 7
Let o be 600/(-18)*(-3 - 0). Suppose 6*z - 11*z + o = 0. List the prime factors of z.
2, 5
Let f = 69 - 6. Suppose -3*x - j = -f, x + j = -1 + 24. Let y = -5 + x. What are the prime factors of y?
3, 5
Let f = -3 - -7. List the prime factors of ((-4)/10)/(f/(-120)).
2, 3
Suppose 5*j + 5 = 0, -2*y + j = -5*y + 29. Let s(w) = w - 5. Let q be s(y). Suppose t - 4*t = 5*d - 60, t + 60 = q*d. What are the prime factors of d?
2, 3
Suppose -m = 10*m - 2827. List the prime factors of m.
257
Suppose -3*i + 25 = 2*i. Suppose -2*x + 32 = -3*j, i*x - 65 + 4 = -2*j. List the prime factors of x.
13
Let s(b) be the second derivative of b**5/20 + b**4/2 - b**3/3 - 9*b**2/2 + b. Let q be s(-6). What are the prime factors of 30/9 + 2/q?
2
Suppose 3*f = -2*f - 5*k - 45, -k = -3*f - 31. Let x = -3 - f. What are the prime factors of x?
7
Suppose -2 = -m, -4*m + 3*m = 2*n - 24. Let v(t) = 4*t**3 - 5*t**3 + t - 2*t + 1 - t**2 + n*t**3. What are the prime factors of v(1)?
3
Suppose -3*c + 2*a + 49 = 0, -2*c + 7*a = 4*a - 26. List the prime factors of c.
19
Suppose 0*f + 4*f + 2*t - 164 = 0, t = -4*f + 164. List the prime factors of f.
41
Let n be 12*3/(7 + -1). Suppose -c = c + n. What are the prime factors of 3/(c/(-2)) + 0?
2
Let r(c) = c**3 + c**2 - 5*c - 3. Let a be r(-3). Let t = 29 + a. List the prime factors of t.
23
Let v(y) = -y - 3. Let m be v(-9). Suppose m*x - 3*x = 9. Suppose 0 = -2*g + 5*i + 7, 4*g = 2*g - x*i + 31. List the prime factors of g.
11
Let g = -8 - -25. Suppose 3*k - 3 = -2*b + 6, 4*k + 4 = 0. Suppose -3*u + 17 = 4*a, u - b*u = a - g. List the prime factors of u.
3
Suppose d - 11 + 2 = 0. Suppose 3*s = 3*k + d, -2*s + 14 = k + k. What are the prime factors of s?
5
Let c(s) = -2*s**3 - 3*s**2 - 4*s + 1. What are the prime factors of c(-3)?
2, 5
Let f(l) = l**2 - 2*l + 1. Let v(u) = -u**3 - 3*u**2 + 2. Let a be v(-3). Let y be f(a). Suppose 5*d - y = 9. What are the prime factors of d?
2
Let r(z) = 3*z**3 - 5*z**2 + 3*z + 12. List the prime factors of r(5).
277
Let t(a) be the first derivative of a**2 - 7*a - 1. What are the prime factors of t(8)?
3
What are the prime factors of (-3 + 4)*(-96)/(-6)?
2
Let p be (1 - -1)*3*2. Let z = -9 + p. List the prime factors of ((-6)/(-15))/(z/15).
2
Let d(w) = -w. Let s(j) = j**2 + 6*j + 3. Let a be s(-5). Let p be d(a). Suppose 3*u - 3*i = -u + 40, -27 = -5*u - p*i. List the prime factors of u.
7
Let z = -137 + 211. Let f = z - 19. Suppose -5 = -5*k + f. List the prime factors of k.
2, 3
Suppose 0*n - 12 = -2*n. Let b(k) = k**3 - 6*k**2 + 3. Let h be b(n). Suppose 16 = 4*u - h*u + j, 0 = 3*u + j - 50. List the prime factors of u.
17
Suppose 3*n = -0*n + 177. What are the prime factors of n?
59
List the prime factors of 354/10 + (-14)/35.
5, 7
Suppose 5*s - 2 = 3. Let x(u) = -47*u + 1. Let d be x(s). List the prime factors of d/(-10) + (-14)/(-35).
5
Let u = 2 + -21. Let j = 20 - 50. Let r = u - j. What are the prime factors of r?
11
What are the prime factors of ((-40)/5)/(-2) - -157?
7, 23
Let w be (2 - 3) + 30 + -1. Suppose -4*h = 2*f - w, 31 = f - 5*h - 4. List the prime factors of f.
2, 5
What are the prime factors of ((-55)/(-10) - 6) + (-454)/(-4)?
113
Suppose a = -3*l + 51, 2*a - l - 82 = -2*l. Let q = a + -11. Let p = q + -18. List the prime factors of p.
2, 5
Suppose 0*o = o - 149. List the prime factors of o.
149
Let o = -36 - -133. What are the prime factors of o?
97
Let q be ((-6)/15)/((-1)/5)